ulate c(8).
127
Let o(b) = 250*b - 8255. Give o(33).
-5
Let t(i) = i**3 - 23*i**2 + 102*i + 12. Calculate t(6).
12
Let v(x) = 13*x + 63. Calculate v(6).
141
Let f(x) = -52*x**2 - 100*x + 13. Calculate f(-2).
5
Let a(w) = -13*w**3 + 5*w**2 - 5*w + 5. Calculate a(2).
-89
Let q(t) = -5*t**3 - 35*t**2 + 49*t + 290. What is q(-7)?
-53
Let n(q) = -308*q - 1260. What is n(-4)?
-28
Let k(o) = 7*o**3 + 4*o**2 + 4*o + 7. Calculate k(-2).
-41
Let y(m) = 2*m**2 + 40*m - 775. What is y(-32)?
-7
Let y(j) = -2*j**2 + 233*j + 844. What is y(120)?
4
Let r(x) = 485*x - 9211. Give r(19).
4
Let c(n) = n**3 - 10*n**2 - 11*n + 468. Give c(0).
468
Let w(a) = -a**2 - 2*a + 17. What is w(-9)?
-46
Let o(u) = u**3 + 20*u**2 + 15*u - 52. Give o(-19).
24
Let k(m) = 155*m - 10543. Calculate k(68).
-3
Let q(m) = 5160*m - 5155. Give q(1).
5
Let m(t) = -103*t**2 - 198*t + 1. Calculate m(-2).
-15
Let u(c) = -10*c**3 + 9*c**2 - c + 18. Calculate u(3).
-174
Let v(y) = -y**2 - 14*y - 23. What is v(-9)?
22
Let q(t) = -58*t + 532. What is q(9)?
10
Let c(b) = 10*b**2 + 682*b - 4440. Calculate c(6).
12
Let v(d) = 9*d**2 - 6*d + 77. What is v(6)?
365
Let m(a) = -285*a + 3. Give m(0).
3
Let x(q) = 30*q - 59. What is x(3)?
31
Let f(c) = -3*c**3 + 1045*c**2 + 1761*c - 3850. Give f(350).
0
Let l(q) = -q**2 + 40*q + 2315. What is l(72)?
11
Let w(b) = b**3 + 19*b**2 - 57*b - 8. Give w(-21).
307
Let h(w) = 866*w**2 - 6930*w + 13. Calculate h(8).
-3
Let g(c) = -c**3 + 285*c**2 - 2742*c - 2200. What is g(275)?
0
Let v(g) = -68*g + 23. Determine v(-2).
159
Let t(y) = 77*y - 1343. Determine t(14).
-265
Let m(k) = 2*k**2 - 8*k - 25. What is m(-5)?
65
Let f(r) = -r**2 - 367*r - 5305. What is f(-15)?
-25
Let c(x) = 2*x**3 - 17*x**2 - 2*x + 58. Determine c(7).
-103
Let i(u) = -11*u**2 - 69*u + 407. Calculate i(-10).
-3
Let f(l) = 2*l**3 + 89*l**2 + 67*l + 1008. Give f(-44).
-4
Let q(m) = -1073*m + 49. Determine q(1).
-1024
Let q(u) = 48*u - 400. What is q(8)?
-16
Let d(o) = -2*o**3 + 12*o**2 - 29*o + 77. What is d(4)?
25
Let p(l) = -3*l - 13. Calculate p(4).
-25
Let j(r) = r**3 - 42*r**2 - 92*r + 25. Determine j(44).
-151
Let l(j) = 22*j - 47. Calculate l(11).
195
Let p(g) = -g**3 + 17*g**2 - 55*g - 75. Determine p(6).
-9
Let v(s) = s**2 - 26*s - 70. Determine v(31).
85
Let b(n) = -738*n + 3814. What is b(5)?
124
Let p(g) = -31*g + 314. What is p(8)?
66
Let i(g) = 63*g**2 - 513*g - 6. What is i(8)?
-78
Let h(p) = 32*p - 653. Give h(18).
-77
Let u(c) = c**3 - 23*c**2 - 414*c + 8721. Give u(26).
-15
Let n(p) = p**2 - 101*p + 665. What is n(7)?
7
Let y(z) = z**2 - 44*z + 258. Calculate y(36).
-30
Let d(j) = 10*j**2 + 16*j + 36. Give d(7).
638
Let m(b) = -3*b**3 + 75*b**2 - 433*b - 3. What is m(9)?
-12
Let u(b) = 224*b**2 - 2220*b - 198. Calculate u(10).
2
Let q(l) = -833*l**3 - 12*l**2 - l + 1. Give q(-1).
823
Let b(d) = 6*d**2 - 58*d - 12. Give b(-4).
316
Let w(p) = -670*p - 330304. Give w(-493).
6
Let u(i) = 19*i - 267. Determine u(0).
-267
Let p(y) = y**3 - 31*y**2 - 40*y + 137. Determine p(32).
-119
Let f(u) = 232*u - 1155. Give f(5).
5
Let t(k) = -82*k**2 + 1149*k - 18. What is t(14)?
-4
Let t(n) = n**3 - 11*n**2 - 63*n + 626. Determine t(12).
14
Let p(q) = 2*q**2 - 165*q + 2316. What is p(18)?
-6
Let a(j) = -j**3 - 26*j**2 - 7*j + 455. Calculate a(-25).
5
Let q(p) = -27*p**2 + 311*p + 43. Calculate q(12).
-113
Let n(r) = 35*r - 645. Give n(27).
300
Let u(n) = -n**2 + 140*n - 4606. What is u(53)?
5
Let x(y) = -26*y + 362. What is x(12)?
50
Let a(j) = 2*j**3 - 26*j**2 - 14*j + 36. Give a(13).
-146
Let k(s) = 35*s**2 - 1615*s - 53. Give k(46).
-283
Let k(c) = 3*c**2 - 108*c + 200. What is k(34)?
-4
Let k(m) = 3404*m - 34031. Calculate k(10).
9
Let v(d) = d**3 + 17*d**2 + 42*d + 215. Give v(-16).
-201
Let v(r) = r**2 - 114*r + 3137. Determine v(46).
9
Let t(d) = 185*d + 3443. What is t(-19)?
-72
Let x(r) = r**3 - 20*r**2 + 89*r + 41. Calculate x(13).
15
Let w(h) = -4*h**2 - 285*h - 2096. What is w(-63)?
-17
Let x(z) = 7*z + 141. What is x(-17)?
22
Let q(j) = -j**3 + 38*j**2 - 213*j - 119. Determine q(31).
5
Let w(g) = g**3 + 14*g**2 + 42*g + 211. Give w(-11).
112
Let q(c) = -c**3 + 36*c**2 - 90*c - 175. What is q(33)?
122
Let q(s) = 5*s**3 - 325*s**2 + s - 68. Give q(65).
-3
Let s(m) = 75*m**2 + 28*m - 46. What is s(-1)?
1
Let x(s) = s**3 - 7*s**2 + s - 64. Determine x(8).
8
Let g(m) = 17*m - 420. What is g(24)?
-12
Let q(z) = 2*z**2 + 801*z - 3238. What is q(4)?
-2
Let y(c) = -c**2 + 1999*c - 27777. Calculate y(14).
13
Let q(o) = -o**2 + 28*o - 117. What is q(17)?
70
Let f(k) = 2*k**2 + 100*k + 1246. Determine f(-26).
-2
Let f(r) = r + 60. Give f(-24).
36
Let p(y) = 16*y**2 - 269*y + 211. What is p(16)?
3
Let h(b) = 221*b + 3187. Determine h(-14).
93
Let x(p) = p**3 - 4*p**2 - 38*p + 74. Determine x(-5).
39
Let u(m) = 3321*m + 26567. Determine u(-8).
-1
Let k(q) = -8*q**3 + 38*q**2 + 13*q - 8. Give k(6).
-290
Let w(x) = 8*x**2 - 193*x - 589. Give w(-3).
62
Let m(v) = -v**3 - 92*v**2 - 177*v + 390. Give m(-90).
120
Let h(w) = -w**3 + 49*w**2 - 56*w + 398. Determine h(48).
14
Let o(t) = 3499*t - 24560. What is o(7)?
-67
Let p(f) = -5*f**2 - 46*f + 4. What is p(-6)?
100
Let m(g) = -2*g**2 + 177*g + 277. Give m(90).
7
Let l(p) = p**2 - 1575*p + 67360. Determine l(44).
-4
Let d(v) = -299*v - 55. Give d(0).
-55
Let u(q) = q**2 - q - 762. Give u(-27).
-6
Let c(i) = i**2 + 629*i + 77745. Give c(-169).
5
Let n(r) = -100*r + 370. Give n(4).
-30
Let w(i) = 41*i - 4195. What is w(102)?
-13
Let r(b) = -3*b**2 - 542*b + 5124. Calculate r(9).
3
Let k(r) = -37*r - 1125. Give k(-27).
-126
Let b(m) = 22*m**2 - 961*m - 299. Give b(44).
9
Let j(k) = 3*k**2 + 168*k - 535. Calculate j(-59).
-4
Let v(s) = 187*s - 928. Calculate v(5).
7
Let j(o) = -11*o - 497. Calculate j(-46).
9
Let z(i) = -569*i - 3. What is z(0)?
-3
Let u(a) = a**3 - 13*a**2 + 102*a - 1336. Calculate u(13).
-10
Let l(q) = q**2 - 9*q - 5. What is l(-2)?
17
Let z(n) = 6*n + 86. Determine z(-22).
-46
Let g(x) = 28*x - 874. What is g(31)?
-6
Let r(i) = 2*i**3 + 44*i**2 + 50*i - 37. Determine r(-21).
-205
Let u(r) = -203*r + 662. Determine u(6).
-556
Let q(b) = b**3 + 7*b**2 - 52*b - 4. What is q(-12)?
-100
Let x(d) = 9*d - 29. Calculate x(6).
25
Let b(a) = -a**3 - 29*a**2 + 28*a - 10. What is b(-30)?
50
Let r(l) = 767*l + 5389. Give r(-7).
20
Let l(q) = -q**3 + 75*q**2 - 1132*q - 114. What is l(54)?
-6
Let g(j) = -387*j + 1163. Determine g(3).
2
Let k(v) = 10*v - 41. Determine k(4).
-1
Let n(s) = -13*s**2 + 714*s + 54. What is n(55)?
-1
Let b(g) = 41*g + 337. Determine b(-18).
-401
Let j(k) = -5*k**2 - 748*k - 23816. What is j(-46)?
12
Let i(k) = k**3 + 17*k**2 - 11*k - 3. Determine i(-18).
-129
Let w(k) = -k**3 + 29*k**2 + 63*k - 42. Give w(31).
-11
Let b(n) = -n**3 - 3*n**2 - 181*n - 747. Determine b(-4).
-7
Let p(u) = -u**3 - 51*u**2 - 94*u + 168. Give p(-49).
-28
Let v(s) = s**3 + 6*s**2 - 16*s + 21. Determine v(-9).
-78
Let x(l) = l**3 + 16*l**2 - 43*l - 144. Calculate x(-18).
-18
Let w(l) = -5*l - 135. What is w(-28)?
5
Let t(i) = -i**2 - 8*i - 113. Give t(-16).
-241
Let g(b) = 37*b + 1928. What is g(-52)?
4
Let a(z) = -32*z + 4280. Determine a(133).
24
Let o(r) = r**3 - 12*r**2 - 371*r + 95. Give o(26).
-87
Let z(u) = -2*u**2 - 42*u + 9. Give z(-11).
229
Let h(z) = -62*z - 1463. Give h(-29).
335
Let l(w) = -89*w - 1175. Determine l(-13).
-18
Let c(m) = -2*m**3 - 8*m**2 + 2*m - 14. Determine c(4).
-262
Let q(y) = -y**3 - 88*y**2 - 326*y + 41. Determine q(-4).
1
Let n(b) = b**3 - 3*b**2 - 42*b - 15. Give n(-5).
-5
Let u(a) = 9*a - 144. Give u(-2).
-162
Let z(h) = 62*h - 483. What is z(8)?
13
Let l(u) = -2*u**3 - 22*u**2 + 43*u - 4. Give l(2).
-22
Let n(a) = 113*a**3 - a**2 + a + 2. Give n(-1).
-113
Let a(p) = 12*p**3 - 93*p**2 - 13*p + 26. Give a(8).
114
Let f(g) = -g**2 + 9*g + 65. Give f(13).
13
Let j(t) = -3*t**2 - 157*t - 76. Calculate j(-52).
-24
Let k(a) = 5*a**2 - 151*a + 172. Calculate k(29).
-2
Let g(l) = l**3 - 4*l**2 - 29*l + 5. Give g(7).
-51
Let j(z) = -z**3 + 10*z**2 - 295*z + 2577. What is j(9)?
3
Let r(v) = -v**3 - 4*v**2 + 11*v + 1. Determine r(-7).
71
Let a(o) = -9*o + 109. What is a(11)?
10
Let k(w) = 124*w - 22689. Determine k(183).
3
Let m(q) = q**2 + 25*q + 85. Determine m(-21).
1
Let o(p) = -32*p + 1734. Give o(54).
6
Let f(